j**2 - 5. Let o(f) = 3*f**2 + 6. Let q(s) = -6*a(s) - 5*o(s). Let m be q(-1). Suppose -2*r = m*r - 235. Is r composite?
False
Let j(w) = w - 10. Let v be j(12). Suppose 0 = y - v. Suppose y*f - 52 = -r - 0*r, -3*r - 69 = -3*f. Is f composite?
True
Suppose 34 = 4*z - 3*i - 0*i, -2*z + 18 = -2*i. Let j(y) = 14*y + 15. Is j(z) a composite number?
False
Suppose 0 = -5*l - 0*l + 3*h - 2, 3*h - 10 = l. Suppose -l*g + n + 511 = -0*g, -5*n = 25. Is g a prime number?
False
Suppose 5*v = 3*v + 12. Is v prime?
False
Let z = 0 - 1. Is 6*z*-13 + -1 a composite number?
True
Let f(s) be the first derivative of -25*s**4/4 - s**3 - s**2/2 + s - 3. Is f(-2) a composite number?
False
Is (-261 - -3)/(-2) - 2 composite?
False
Suppose 0*w + 2*w = 90. Suppose j - 12 = -j. Let o = w - j. Is o composite?
True
Suppose -25405 = -4*p - 7137. Is p prime?
True
Let p(m) = 18*m**2 + 8*m + 6. Let v be p(-5). Suppose 4*w = v + 20. Is w a prime number?
True
Suppose 0 = -5*n + 2*n - 24. Let c = -4 - n. Is (-82)/(-8) + (-1)/c a prime number?
False
Let p(t) = -t**2 + t. Let m(w) = 156*w**3 + 4*w**2 - 4*w + 1. Let q(j) = m(j) + 3*p(j). Is q(1) prime?
True
Suppose 10*h - 329 - 2561 = 0. Is h prime?
False
Let l be (-1 - -9)/(-2) + -1. Let j = -5 - l. Suppose j = -4*c + 5*f + 321, -c + 0*f + 84 = -5*f. Is c a prime number?
True
Let j = 149 + 2922. Is j composite?
True
Let w be (2*2)/((-6)/27). Is (-875)/(-9) - (-4)/w a prime number?
True
Is 2762/4 - 7/(-14) a prime number?
True
Let g(b) = 98*b**3 - 3*b**2 - b - 7. Is g(3) composite?
False
Suppose 2*q + 3 = q - 3*d, 3 = 4*q - 3*d. Is (-1 - q) + 10 + 328 a prime number?
True
Let u(y) = 389*y**3 + y + 1. Let j be u(-1). Let r = j + 652. Is r a prime number?
True
Let b(h) = h**3 + 2*h**2 - 2*h - 2. Let n be b(2). Suppose -2*c = -4*j + 70, -5*c = -j - 10*c - n. Is j a composite number?
True
Let y(i) = -20*i**3 - 6*i**2 + i - 12. Is y(-5) a composite number?
False
Let k(x) = 26*x - 1. Suppose -4*f + 10 = -3*p - 0*p, -8 = 4*p. Is k(f) composite?
True
Is 11/(-3)*84/(-4) a composite number?
True
Let i be (-2)/(-2)*13*1. Suppose i = 3*a - 20. Is a a composite number?
False
Let p(n) = -12*n - 7. Let h(g) = g + 1. Let u(r) = -6*h(r) - p(r). Is u(6) a prime number?
True
Let l = -1 + 2. Let y(a) be the second derivative of 46*a**3/3 - a**2/2 - a. Is y(l) a composite number?
True
Let y(g) = -g**3 - 8*g**2 + 7*g - 13. Let r be y(-9). Suppose -2 - 30 = -j + k, -r*j + 4*k = -159. Is j composite?
False
Let j be ((-4)/3)/(6/9). Let z be -1 - j/((-4)/(-2)). Let b = z + 6. Is b prime?
False
Let y = 3 - 3. Suppose -x - 3*r + 56 = -0*r, -2*x + 3*r + 130 = y. Let c = x + -31. Is c composite?
False
Let d be (-52)/(-20) + (-3)/5. Suppose -4*k + d*k = 3*a - 377, 5*a = -5*k + 625. Is a a composite number?
False
Let v = 1506 - 873. Is v a composite number?
True
Let j(u) = -u**3 - 9*u - 21. Is j(-10) a prime number?
True
Let f be (39 - 2)*(7 - 6). Let t = f + -2. Is t composite?
True
Let g = 212 + 955. Is g a prime number?
False
Let n(x) = x**2 - 4. Let f be n(0). Let j(c) = -c**3 + 1. Is j(f) prime?
False
Let j(v) = -v + 11. Let d be j(7). Suppose -5*x = -d*t - 3*x + 204, 4*x = 0. Is t a composite number?
True
Let k = 3 + -5. Let m be -1 - k - (0 - -1). Suppose -2*t + d + 250 = m, -19 = -t + 5*d + 88. Is t prime?
True
Suppose 7*z = 9*z - 506. Is z composite?
True
Suppose 91*y - 1146 = 88*y. Is y a composite number?
True
Let t(j) = -31*j - 22. Is t(-9) composite?
False
Let g(o) = o**2 - 5*o + 3. Let z be g(5). Suppose 389 = z*i + 2. Is i prime?
False
Let m be (27 + 3)/((-1)/(-3)). Let k = 200 - m. Suppose s = -s + k. Is s prime?
False
Suppose -2*j - 4*s - 20 = 0, -j + s = 5 + 2. Let l(m) = 2*m - 6. Let g be l(j). Let h = -7 - g. Is h composite?
True
Suppose 0 = y - o - 49, 3*y = -9*o + 14*o + 143. Is y composite?
True
Suppose 5*y - 1292 = -2*l, -3*y = y + 4*l - 1024. Suppose y = 5*z + 5*s - 95, 4*z = 4*s + 252. Is z a prime number?
True
Let u = 10 - 1. Let f = u + 13. Is f a composite number?
True
Is ((-6)/9)/((-6)/3195) a composite number?
True
Let j(k) = k**2 - 7*k + 2. Let l be j(7). Let c(h) = 13*h + 0*h - 2*h - h**l - 6 + 0*h. Is c(4) prime?
False
Let x(d) be the first derivative of 6*d**2 + d + 5*d - 1 + d. Is x(5) a composite number?
False
Suppose -5*b - 14376 = -40241. Is b prime?
False
Suppose -5*j = -j + 5*u - 92, 64 = 4*j - 2*u. Is (-1675)/(-45) - 4/j prime?
True
Let y be -120*2*(-9)/2. Suppose 5*o - 745 = y. Is o prime?
False
Suppose -f + 4*x + 5761 = 0, -28757 = -5*f - 2*x + 6*x. Is f a composite number?
False
Suppose 5*v + 4*z = 18, 5*v - 2*z - 3 = 3. Suppose -3*b - 4*k - 6 = -k, 0 = -3*k - 6. Suppose -121 = -v*x - 3*p, x - 4*p + 0*p - 66 = b. Is x a prime number?
False
Let c = -4 - 15. Let l = c - -34. Is l a prime number?
False
Suppose 2*m + 3 - 5 = 0. Is -3*(m - (-112)/(-6)) prime?
True
Let w(i) = -i**3 - i**2 + i - 552. Let l be w(0). Is ((-26)/8)/(6/l) a prime number?
False
Suppose -c - 7 = n, 3*n - 2*c - c + 27 = 0. Is (106/n)/((-4)/112) prime?
False
Suppose 5*q + 69 = 2*q. Let a = q + 45. Is a a composite number?
True
Let u(j) be the first derivative of -j**4/4 + 4*j**3/3 + 5*j**2/2 - 2. Let i be u(5). Suppose i*b - 56 = -4*b. Is b prime?
False
Suppose 5364 + 311 = 5*a. Is a prime?
False
Suppose 3*m - 2*m - 230 = 0. Suppose -4*b - b = -m. Is b a composite number?
True
Let z = 3 + -2. Let g(t) = 1. Let k(m) = -5*m + 8. Let d(a) = z*k(a) - 4*g(a). Is d(-3) composite?
False
Is 5 + (-12 - -5) - -481 prime?
True
Let o = 369 + -260. Is o composite?
False
Suppose 3*n - 131 = 2*n. Is n a composite number?
False
Let b(i) = -i**3 - 5*i**2 - 5*i + 4. Let w be b(-4). Suppose -4*d = -2*g + 30 - 84, -48 = -4*d + 4*g. Let q = w + d. Is q prime?
True
Let y(g) be the first derivative of g**4/4 + 37*g + 2. Suppose -5*t = -2*t. Is y(t) a composite number?
False
Let o(m) = m**2 - 7*m + 8. Let z be o(6). Suppose 0 = -7*q + z*q + 30. Is (158/(-6))/((-2)/q) a prime number?
True
Suppose 5*k - 394 = -0*t - 3*t, 4*t + 4*k = 512. Is t a composite number?
True
Let j(x) = -124*x + 11. Is j(-5) composite?
False
Let a = -1031 + 1654. Is a composite?
True
Suppose -z + 5*z = 12. Suppose -5*q + 4*r = -135, -3*r = -z*q - 7*r + 113. Is q composite?
False
Suppose 3*u - 5*c = 330, -4*c - 29 = -u + 81. Let l(t) = 7*t**3 + t**2 + 1. Let w be l(-2). Let o = w + u. Is o prime?
True
Suppose -3*c + 495 = -3*q, 3*c + q = -q + 475. Is c prime?
False
Suppose -2 = o + 2. Let g(k) = -5*k - 4. Let h be g(o). Suppose 140 = 4*r + h. Is r composite?
False
Let l(c) = 26*c - 31*c - 5 - 37*c - 4. Is l(-5) composite?
True
Let w be (8/10)/(3/15). Suppose -w*t - 6 - 14 = 0. Let u(l) = -l + 5. Is u(t) prime?
False
Suppose 0 = 5*a - 0*a - 760. Suppose -3*g = g - a. Is g composite?
True
Suppose -20 = 4*t + 3*y, y - 8 = 2*t + 2*y. Is (1 - t)/((-24)/(-4168)) a prime number?
True
Is (-2)/(-3)*(-2 - 1430/(-4)) prime?
False
Let v(p) = p**2 + 9*p - 7. Let j be v(-10). Suppose 5 = 4*d - j. Suppose -2*q - d*q - 187 = -3*z, -2*z - 3*q + 153 = 0. Is z prime?
False
Let t(f) = 11*f**2 - 5*f + 1. Is t(2) a prime number?
False
Is 2*8/(-48)*(0 + -1023) a prime number?
False
Suppose -2*i - i + 45 = 0. Suppose -u + i = -0*u. Is u prime?
False
Let o(i) be the second derivative of -i - 1/10*i**5 + i**2 + 0 - 1/3*i**4 - 1/3*i**3. Is o(-2) a composite number?
True
Suppose -442 = 7*q + 874. Let u = 270 + q. Is u prime?
False
Let y(p) = -119*p. Let j be y(9). Is j/6*(-2)/3 composite?
True
Let b = -2 + 4. Suppose 3*v + 27 = 5*o, 6*v = o + 2*v - 19. Suppose o*k - 240 = -3*w, -b*k + 2*w + 148 = -0*k. Is k a prime number?
False
Is 16 + 0 + -1 + -2 a prime number?
True
Let b = -65 + 144. Is b a prime number?
True
Let b be (-1)/(-1)*0/12. Is b/(-1) - -1 - -9 composite?
True
Let b be 127*(-2 + -1 + 2). Let n = -81 - b. Is n a prime number?
False
Let n(k) = -k**3 - 17*k**2 + 20*k + 3. Let q be n(-16). Is q/(-6)*(0 - -2) a prime number?
True
Let a = -4 + 5. Let g(j) = 263*j**2. Is g(a) a composite number?
False
Let h = 155 + -88. Is h prime?
True
Let u(w) = -3*w**3 - 8*w**2 - 6*w + 6. Suppose 3*k - 2*a - 3*a + 25 = 0, 0 = -4*k - a - 18. Is u(k) composite?
False
Let w = -178 - -509. Is w composite?
False
Is (-935)/(-2) + (-1)/2 a composite number?
False
Let m(z) = 2*z - 2*z**2 + z**3 - 3*z - z - 1. Let r be m(3). Suppose r*y + 3*x -